t the prime factors of 17997.
3, 7, 857
What are the prime factors of 3857?
7, 19, 29
List the prime factors of 1257.
3, 419
What are the prime factors of 90271?
90271
What are the prime factors of 1035?
3, 5, 23
List the prime factors of 4218.
2, 3, 19, 37
List the prime factors of 49106.
2, 43, 571
What are the prime factors of 37916?
2, 9479
What are the prime factors of 76772?
2, 17, 1129
List the prime factors of 175.
5, 7
List the prime factors of 4992.
2, 3, 13
What are the prime factors of 6786?
2, 3, 13, 29
List the prime factors of 1628.
2, 11, 37
List the prime factors of 12349.
53, 233
What are the prime factors of 1402?
2, 701
List the prime factors of 36843.
3, 12281
What are the prime factors of 20314?
2, 7, 1451
What are the prime factors of 66942?
2, 3, 3719
What are the prime factors of 4566?
2, 3, 761
List the prime factors of 13369.
29, 461
What are the prime factors of 2680?
2, 5, 67
List the prime factors of 304.
2, 19
List the prime factors of 83078.
2, 41539
What are the prime factors of 56540?
2, 5, 11, 257
List the prime factors of 9216.
2, 3
What are the prime factors of 67707?
3, 7523
What are the prime factors of 2514?
2, 3, 419
What are the prime factors of 6810?
2, 3, 5, 227
List the prime factors of 145062.
2, 3, 8059
List the prime factors of 1215.
3, 5
What are the prime factors of 4430?
2, 5, 443
List the prime factors of 4734.
2, 3, 263
What are the prime factors of 23213?
139, 167
List the prime factors of 23740.
2, 5, 1187
List the prime factors of 7217.
7, 1031
List the prime factors of 12214.
2, 31, 197
What are the prime factors of 8282?
2, 41, 101
List the prime factors of 10125.
3, 5
List the prime factors of 5126.
2, 11, 233
What are the prime factors of 966?
2, 3, 7, 23
List the prime factors of 122.
2, 61
List the prime factors of 6786.
2, 3, 13, 29
List the prime factors of 81375.
3, 5, 7, 31
List the prime factors of 569.
569
What are the prime factors of 122458?
2, 7, 8747
What are the prime factors of 1214?
2, 607
List the prime factors of 24336.
2, 3, 13
What are the prime factors of 1208?
2, 151
List the prime factors of 924.
2, 3, 7, 11
List the prime factors of 8198.
2, 4099
What are the prime factors of 1835?
5, 367
List the prime factors of 260.
2, 5, 13
What are the prime factors of 581?
7, 83
List the prime factors of 152009.
11, 13, 1063
List the prime factors of 211.
211
List the prime factors of 848.
2, 53
List the prime factors of 32240.
2, 5, 13, 31
List the prime factors of 1560.
2, 3, 5, 13
What are the prime factors of 16933?
7, 41, 59
What are the prime factors of 975?
3, 5, 13
What are the prime factors of 79837?
29, 2753
What are the prime factors of 44624?
2, 2789
What are the prime factors of 24789?
3, 8263
List the prime factors of 8171.
8171
What are the prime factors of 2971?
2971
What are the prime factors of 10556?
2, 7, 13, 29
What are the prime factors of 56824?
2, 7103
List the prime factors of 980.
2, 5, 7
What are the prime factors of 2369?
23, 103
What are the prime factors of 21444?
2, 3, 1787
List the prime factors of 1571.
1571
List the prime factors of 374.
2, 11, 17
List the prime factors of 48910.
2, 5, 67, 73
What are the prime factors of 7595?
5, 7, 31
List the prime factors of 384.
2, 3
What are the prime factors of 20947?
20947
List the prime factors of 14036.
2, 11, 29
List the prime factors of 19.
19
List the prime factors of 1308.
2, 3, 109
List the prime factors of 40171.
17, 139
List the prime factors of 17375.
5, 139
What are the prime factors of 468?
2, 3, 13
What are the prime factors of 1852?
2, 463
What are the prime factors of 112520?
2, 5, 29, 97
What are the prime factors of 777?
3, 7, 37
What are the prime factors of 425?
5, 17
What are the prime factors of 3090?
2, 3, 5, 103
List the prime factors of 119057.
119057
What are the prime factors of 6660?
2, 3, 5, 37
List the prime factors of 1602.
2, 3, 89
What are the prime factors of 27452?
2, 6863
What are the prime factors of 19485?
3, 5, 433
What are the prime factors of 270?
2, 3, 5
What are the prime factors of 1955?
5, 17, 23
What are the prime factors of 4655?
5, 7, 19
List the prime factors of 4160.
2, 5, 13
List the prime factors of 116765.
5, 11, 193
What are the prime factors of 4628?
2, 13, 89
List the prime factors of 35508.
2, 3, 11, 269
What are the prime factors of 79359?
3, 7, 3779
List the prime factors of 9805.
5, 37, 53
List the prime factors of 86104.
2, 47, 229
What are the prime factors of 3903?
3, 1301
List the prime factors of 41868.
2, 3, 1163
What are the prime factors of 1337?
7, 191
What are the prime factors of 43426?
2, 21713
List the prime factors of 317.
317
List the prime factors of 9740.
2, 5, 487
List the prime factors of 73069.
89, 821
List the prime factors of 2255.
5, 11, 41
List the prime factors of 3200.
2, 5
List the prime factors of 22400.
2, 5, 7
What are the prime factors of 17977?
17977
List the prime factors of 36351.
3, 7, 577
List the prime factors of 8404.
2, 11, 191
What are the prime factors of 191?
191
What are the prime factors of 6830?
2, 5, 683
What are the prime factors of 1051?
1051
What are the prime factors of 53390?
2, 5, 19, 281
What are the prime factors of 113?
113
List the prime factors of 1228.
2, 307
What are the prime factors of 25718?
2, 7, 11, 167
List the prime factors of 320.
2, 5
List the prime factors of 493.
17, 29
What are the prime factors of 1743?
3, 7, 83
List the prime factors of 29456.
2, 7, 263
List the prime factors of 18256.
2, 7, 163
List the prime factors of 6952.
2, 11, 79
List the prime factors of 157.
157
List the prime factors of 3337.
47, 71
What are the prime factors of 3234?
2, 3, 7, 11
List the prime factors of 554.
2, 277
What are the prime factors of 46808?
2, 5851
What are the prime factors of 2233?
7, 11, 29
What are the prime factors of 3202?
2, 1601
List the prime factors of 90.
2, 3, 5
List the prime factors of 872.
2, 109
What are the prime factors of 1772?
2, 443
What are the prime factors of 888?
2, 3, 37
List the prime factors of 2630.
2, 5, 263
List the prime factors of 1342.
2, 11, 61
What are the prime factors of 240?
2, 3, 5
List the prime factors of 46892.
2, 19, 617
List the prime factors of 31838.
2, 15919
What are the prime factors of 2466?
2, 3, 137
What are the prime factors of 101837?
101837
What are the prime factors of 18349?
59, 311
List the prime factors of 1049.
1049
List the prime factors of 622.
2, 311
What are the prime factors of 2732?
2, 683
What are the prime factors of 23039?
23039
What are the prime factors of 695?
5, 139
List the prime factors of 22017.
3, 41, 179
List the prime factors of 29499.
3, 9833
List the prime factors of 1204.
2, 7, 43
What are the prime factors of 1550?
2, 5, 31
What are the prime factors of 1240?
2, 5, 31
List the prime factors of 48270.
2, 3, 5, 1609
What are the prime factors of 474?
2, 3, 79
List the prime factors of 1156.
2, 17
List the prime factors of 39900.
2, 3, 5, 7, 19
List the prime factors of 16602.
2, 3, 2767
What are the prime factors of 6673?
6673
What are the prime factors of 4460?
2, 5, 223
List the prime factors of 1286.
2, 643
What are the prime factors of 441?
3, 7
What are the prime factors of 763?
7, 109
What are the prime factors of 255?
3, 5, 17
List the prime factors of 4066.
2, 19, 107
List the prime factors of 12557.
29, 433
What are the prime factors of 611?
13, 47
List the prime factors of 14773.
11, 17, 79
What are the prime factors of 21793?
19, 31, 37
What are the prime factors of 81014?
2, 40507
What are the prime factors of 34152?
2, 3, 1423
What are the prime factors of 2623?
43, 61
What are the prime factors of 4057?
4057
What are the prime factors of 57167?
11, 5197
List the prime factors of 1421.
7, 29
What are the prime factors of 12962?
2, 6481
What are the prime factors of 2656?
2, 83
List the prime factors of 753.
3, 251
List the prime factors of 49157.
49157
List the prime factors of 2385.
3, 5, 53
What are the prime factors of 35683?
17, 2099
What are the prime factors of 941?
941
List the prime factors of 8918.
2, 7, 13
List the prime factors of 2113.
2113
List the prime factors of 1267.
7, 181
List the prime factors of 6154.
2, 17, 181
What are the prime factors of 34905?
3, 5, 13, 179